 Let j(f) = -3*f**3 + 3*f**2 - f + 1. Let n be j(2). Let v = -9 - n. What is the units digit of r(v)?
1
Let p(r) = r**3 - 6*r**2 + 7*r - 7. Let w be p(5). Suppose -5 = w*g - 2*v, 0 = -2*v + 5*v - 12. What is the units digit of g?
1
Suppose 5*q = -10, 1130 = -4*l - q - 0*q. What is the tens digit of 4/(-6) - l/18?
1
Suppose 2*f - 4 = -4*b + 16, 0 = -2*b + 3*f - 6. Suppose -p - 2*r + 16 = 0, -b*p - 3*r = -66 + 3. What is the tens digit of p?
2
Suppose 11 = 5*t - 4. Let b(q) = -q**3 + 4*q**2 - 3*q + 4. What is the units digit of b(t)?
4
Let q(g) = -g**3 + 2*g**2 + 2*g + 1. Let j be (-2 + 3)*-2*-1. What is the units digit of q(j)?
5
Let i(h) be the first derivative of h + 3 - 1/3*h**3 + 1/4*h**4 + 0*h**2. What is the units digit of i(0)?
1
Let z be ((-168)/16)/((-1)/(-2)). What is the units digit of (-6)/z - (-220)/14?
6
Suppose -5*n - 50 + 10 = 0. What is the tens digit of n/(5/(-2) + 2)?
1
Let b = 559 - 305. What is the tens digit of b?
5
Suppose -3*n = -2*n - 3. What is the units digit of n + 1 - (2 + -1)?
3
Let y be 21/28 - 39/(-12). What is the units digit of (-69)/12*(-32)/y?
6
Suppose -2*v - 20 = -74. What is the units digit of v?
7
What is the units digit of ((-58)/(-8))/(1/4)?
9
Let q(y) = y**2 - 8*y - 13. Let z be q(9). Let o = z + 23. What is the units digit of o?
9
Let k be (-4)/(12/9) - -7. Suppose -k*r + 11 = -85. What is the tens digit of r?
2
Let u = 60 + -36. Suppose u = -a + 4*a. Suppose 0 - a = -2*i. What is the units digit of i?
4
Suppose -g = 2*g - 12. Suppose 3*a = g*a - 4. Suppose -4*i + a*p = -72, -4*i + 19 = 4*p - 13. What is the tens digit of i?
1
Suppose 0*u = -5*s + 4*u - 9, 8 = -5*s + 3*u. Let m be 1*(-2 - s*2). Let f = m + 7. What is the units digit of f?
7
Let p be ((-10)/(-4))/(2/4). Suppose -6*h + h = -p. Let a = h + 2. What is the units digit of a?
3
Let j(p) be the second derivative of -p**4/12 - p**3/3 + 6*p**2 + 4*p. What is the units digit of j(0)?
2
What is the units digit of -1 - 1 - (-86 + 0)?
4
Let y(t) = 2*t + 1. Let l(h) = h. Let j(o) = -3*l(o) + y(o). Suppose -2*x - 6 = -0*x. What is the units digit of j(x)?
4
Let p be 1*1/(2 - 1). Let t be 0/(-3) - (-32)/p. Suppose -2*g + 18 = -2*h, h + 3*h + t = 3*g. What is the units digit of g?
4
Suppose 0 = -7*z + 128 + 243. What is the units digit of z?
3
Suppose 10 = -2*o, -5*n + 2*o = -3*o - 685. What is the hundreds digit of n?
1
Let d(v) = v**3 - v**2 - 4*v + 3. Let f be d(3). Let o be (-2)/f + (-141)/(-27). What is the units digit of o + -4 - 4/(-2)?
3
What is the units digit of 118/4*(-7 - -9)?
9
Suppose -3*q + 15 = -0*q. Let d be 20/3*(-18)/(-5). Suppose -q*t + 31 = -d. What is the tens digit of t?
1
Let a(s) = 5*s**2 + 4*s + 6. What is the units digit of a(-4)?
0
Let w be (-1)/(-3) + 132/36. Suppose -h - h - 41 = -o, 58 = 2*o + w*h. What is the tens digit of o?
3
What is the units digit of 22 + (0 - -3) - 2?
3
Let q(g) be the third derivative of -g**4/8 - g**3/3 + 5*g**2. What is the units digit of q(-3)?
7
Let l = 2 + -1. Suppose 11 = 3*c - l. Suppose -3*a - 23 = -5*k, c*k - k = 2*a + 14. What is the units digit of k?
4
Suppose 4 - 159 = -5*w. Let p = 44 - w. What is the tens digit of p?
1
Let l be (-12 + 5)*48/14. What is the units digit of ((l - 0) + -3)*-1?
7
Let q = -12 - -17. Suppose -q*r - 2 = 2*g, 5*r + 0*r + 3*g + 3 = 0. Suppose r = -0*p + 3*p - 12. What is the units digit of p?
4
Suppose 1 = f - g, 4*f - f - g = 9. Suppose 0 = -4*z - 5*r + f, -3*z - 10 = -4*z + r. What is the units digit of z?
6
Let a(y) = -2*y**3 + 15*y**3 + y + y**2 + 0*y**2. Let d be a(-1). Let w = d - -21. What is the units digit of w?
8
Let l(i) = -3*i**2 + 8*i + 2 + i**2 + i**2. Let u be l(6). Suppose 0 = -5*p - 4 + u. What is the units digit of p?
2
Let g(d) = -6*d + 8*d - 7 + 28 - d. What is the tens digit of g(0)?
2
Let z = -16 + 22. Suppose -2*v + 6 = z*r - 2*r, r - 6 = 4*v. Suppose -r*o = o - 45. What is the units digit of o?
5
Let p(t) = t**2 - t - 2. Let q be p(0). Let c = q - -5. Suppose -c*n + 29 = 2*d, 4*d - 4*n + 1 = 9. What is the units digit of d?
7
Let q(n) = -2 - n**2 + 0*n + 2*n**3 - n**3 - 2*n. Let u be q(-2). What is the units digit of (0 + -1)*3 - u?
7
Let g be (2 - 0) + -5 + 6. Let j = 125 + -65. Suppose -g*t = -7*t + j. What is the tens digit of t?
1
Let d(c) = c**2 - 10*c - 16. Let q be d(10). Let r = 50 - 24. Let b = q + r. What is the tens digit of b?
1
Let c(o) = -1. Let v(h) = -h**2 - h - 2. Let s(z) = 3*c(z) - v(z). What is the units digit of s(1)?
1
Suppose 3*y = 5*q + 39 + 32, 4*q - 62 = -3*y. What is the units digit of (-276)/(-66) + (-4)/y?
4
Suppose -4*j - 26 = -t + j, -5*j + 229 = 4*t. Suppose 0 = i - 2 - 2. Suppose b - i*b + t = 0. What is the tens digit of b?
1
Let w = 3 + 0. Suppose 3*o - 2*o = w. What is the units digit of o?
3
Suppose 5*o = 2*s - 0*s + 1, 3*s + 4*o = 10. Suppose 4*h - 3*n = -n + 36, -19 = -h - s*n. What is the tens digit of h?
1
Let x be (-32)/3*126/(-12). Let z = x - 71. Let s = z + -29. What is the tens digit of s?
1
Suppose -q - 10 = -4*q + 2*j, 2*q + 2*j = 20. What is the units digit of q?
6
Let h = -4 - -16. What is the tens digit of h?
1
Suppose 7*u + 7 = 70. Let c = -3 - -8. Suppose 4*s - 3*w = 25, u*w - 4*w = c. What is the units digit of s?
7
Let x(m) = m**3 - 6*m**2 + 6*m. Let g be 32/6 - 2/6. What is the units digit of x(g)?
5
Let q = -9 - -13. What is the units digit of q?
4
Let q = 43 - 31. Suppose u - 4*u - 3*m = -72, 0 = 3*u - 5*m - 40. Let v = u - q. What is the units digit of v?
8
Let y(j) be the third derivative of j**4/12 - 2*j**3/3 - j**2. Let r be y(6). Suppose 4*u + 14 = 5*u + 5*m, 0 = -3*u + 2*m + r. What is the units digit of u?
4
Suppose 0 = t - i - i + 12, -16 = 2*t - 2*i. What is the units digit of 2/(-4) + (-78)/t?
9
Suppose -5*a + j = -6 - 2, -8 = -a - 3*j. Suppose -4*k + 76 = -a*b, -2*k + 64 = k + 2*b. What is the units digit of k?
0
Let x(g) = g**2 - 6*g + 3. Let d be 4 - 5 - (1 + -6). Let v be x(d). Let l = 7 + v. What is the units digit of l?
2
Let v(y) = y**3 + 10*y**2 + 9*y + 9. Let p be v(-9). Let i(c) = -c**2 - p*c + 3*c - 2*c - c - 2. What is the units digit of i(-8)?
6
Suppose 153 - 49 = 4*i. What is the tens digit of -1*(-1)/2*i?
1
Let n(m) be the third derivative of 0*m + 1/15*m**6 - 2*m**2 + 0 - 1/24*m**4 + 0*m**5 + 0*m**3. What is the units digit of n(1)?
7
Suppose 0 = 2*g - 5*g. Suppose -p + 23 = s - g*p, 5*s - p = 85. What is the units digit of s?
8
Let j(k) be the third derivative of -k**4/24 + k**3/3 - 2*k**2. What is the units digit of j(0)?
2
Let y(r) = 10*r**2 - r. Let x be (-4)/3*9/2. Let w = 5 + x. What is the tens digit of y(w)?
1
Let l(k) = 6*k - 13. Let h(m) = m - 1. Let v(y) = 5*y - 4. Let t(s) = -4*h(s) + v(s). Let a(w) = -l(w) + 5*t(w). What is the units digit of a(6)?
7
Let z = -178 - -292. What is the tens digit of z?
1
Let v = 3 + -5. Let a be (-1)/(-1 - v) - 0. What is the units digit of (-2)/a - (-3 + 4)?
1
What is the units digit of 40/(-340) - 631/(-17)?
7
What is the tens digit of (-10990)/(-56) + 6/8?
9
Suppose u = 5*d - 18, -2*d - u = u - 12. Suppose -z + d*j = -15, 4*j + 40 = -4*z - 0*j. Let f = z + 12. What is the units digit of f?
7
Let x be 3/(-6) - (-7)/2. Let r(d) = -d**3 - d**2 + 1. Let s be r(-2). Let y = s - x. What is the units digit of y?
2
Suppose 28 = 2*a - 30. What is the units digit of a?
9
Let s(r) = 13*r + 7. What is the units digit of s(3)?
6
Let m = -65 - -102. Let c(w) = w**2 - 19. Let o be c(0). Let h = o + m. What is the units digit of h?
8
Suppose -5*x + 189 - 34 = 0. What is the units digit of x?
1
Let b be 8/3*(-9)/4. What is the units digit of (-510)/20*8/b?
4
Let b = 342 + -120. Suppose 5*w - 190 = -5*v, -v - b = -6*v + 3*w. What is the tens digit of v?
4
Suppose 2*l = 2*k - 20, -5 = k - 0*k - 4*l. What is the units digit of k?
5
Let c = 14 - 10. Suppose 2*z + 3*o = 12, -2*z + 20 - c = 5*o. What is the units digit of z?
3
Let u(t) = 2*t**2 + t + 1. Let n be u(-1). Suppose n*v - 3 = 3. What is the units digit of v?
3
Let a(v) = -v - 10. Let p be a(-8). What is the units digit of 1*(5 + 0/p)?
5
Suppose 5*h = 8 - 3. Let m(f) be the third derivative of 11*f**4/24 + f**2. What is the units digit of m(h)?
1
Let z(q) = -q**2 + 14*q + 4. What is the tens digit of z(10)?
4
Let f be (-1)/(3/(-9)*-3). Let s be f/(3 - (-2 - -4)). Wha